 + 1. Let z be q(y). Suppose 0 = -4*f + 8*f - z. What is the remainder when 14 is divided by f?
4
Suppose -4*k = -5*y - 6*k + 38, -k - 33 = -4*y. What is the remainder when y is divided by 5?
3
Suppose -3*j + 34 + 54 = 2*b, -5*b + 5*j + 195 = 0. What is the remainder when b is divided by 14 + (2 - (0 - -2))?
13
Suppose q = 4*q - 2*y - 54, q = -4*y + 18. What is the remainder when q is divided by 3?
0
Suppose 7*l = 2*l + 170. Suppose 12*f + 51 = -9. Let h = f + l. Calculate the remainder when h is divided by 15.
14
Suppose 62 = 5*b + 2*o - 3, -3*b + 39 = 2*o. Let m = 105 + -56. Calculate the remainder when m is divided by b.
10
Let v(s) = s + 15. Let g be v(-12). Suppose -y - g*z + 87 = -55, 2*z + 393 = 3*y. What is the remainder when y is divided by 34?
31
Suppose 2*i - 5*i + 354 = 0. What is the remainder when i is divided by 24?
22
Let c = -43 + 57. What is the remainder when 40 is divided by c?
12
Let s(p) = -20*p - 3. Calculate the remainder when 50 is divided by s(-1).
16
Suppose -4*n + 134 = 2*l, -l - l = -3*n - 134. What is the remainder when l is divided by 34?
33
Suppose -3*d = -13 - 17. Suppose 54 = -5*r + 8*r. Calculate the remainder when r is divided by d.
8
Let a(c) = -c**3 - 5*c**2 + 4*c + 7. Let j be a(-6). Let k = j - 34. What is the remainder when (550/k)/(2/(-3)) is divided by 14?
13
Suppose -2*i + 2*m = -0*m - 24, 0 = -2*i - m + 9. What is the remainder when 17 is divided by i?
3
Let y(k) = k**3 + 8*k**2 - 2. Let x be y(-8). Let s be x/(-6) + (-40)/(-15). Let u = 4 - s. What is the remainder when 2 is divided by u?
0
Suppose 4*m = 3*a + 37, 2*m - 2 = -3*a - a. What is the remainder when 12 is divided by m?
5
Suppose 179 = -3*x - n, -5*x - 3*n - 263 - 30 = 0. Let h = -18 - x. Let t = 28 + -17. Calculate the remainder when h is divided by t.
10
Let y be ((-4)/12)/(1/(-39)). Suppose y + 12 = 5*p. Let k(r) = -r**2 + 6*r - 3. What is the remainder when 2 is divided by k(p)?
0
Suppose -30*n + 33*n - 108 = 0. What is the remainder when 177 is divided by n?
33
Let n = 4 - -4. Suppose 3*k = n - 2. Suppose 0 = -u + k*u - 12. What is the remainder when u is divided by 7?
5
Let z = 0 + 4. Suppose 22 = -2*w + z*w. Let q(k) = -k**3 - 4*k**2 - 2*k - 3. Calculate the remainder when q(-5) is divided by w.
10
Let g(n) = -8*n - 2. What is the remainder when g(-5) is divided by 20?
18
Calculate the remainder when (-4)/1 + (3 - -20) is divided by 12.
7
Suppose -5*i - 52 = -4*w - 3*i, -5*i = -10. Calculate the remainder when 6/w - (-705)/21 is divided by 12.
10
Let h(b) = -b**3 - 5*b**2 - b + 7. Suppose 5*k + 10 = -5*z, 5*z - z + 14 = -2*k. What is the remainder when 35 is divided by h(z)?
11
Let j(v) = 4*v**3 - v**2 - 5*v + 4. Let z be j(3). Suppose 5*m = -5*k + 3*k + z, -28 = -3*m + 5*k. What is the remainder when 30 is divided by m?
14
Suppose q + 2*x - 3 + 0 = 0, x - 1 = 0. Let w be 1*((3 - q) + -1). Let f(i) = 17*i. What is the remainder when f(w) is divided by 6?
5
Suppose 0 = 2*u, 3*q - 3*u = -2*u. Suppose 2*b - 23 = 5*j + 19, -4*b - 4*j + 28 = q. Calculate the remainder when (0 - -1) + 0 - -19 is divided by b.
9
Suppose -5*n + 189 - 74 = 0. Calculate the remainder when 90 is divided by n.
21
Suppose w - 2*y = -2*w + 9, 5*y = w + 10. Suppose -12 = -w*j - 2. What is the remainder when (23*j)/(-1 + 2) is divided by 16?
14
Let w(c) = -c**3 - 4*c**2 - 3*c - 6. Let z be w(-4). Suppose -r + 24 = -3*s + z, r = -s + 2. Calculate the remainder when r is divided by 2.
0
Let j(c) = c + 1. Suppose 3*z + 63 - 156 = 0. What is the remainder when z is divided by j(7)?
7
Let t = -16 + 20. What is the remainder when 11 is divided by t?
3
Let u(n) = 6*n - 21. Suppose -5*l + 0*l = -30. Calculate the remainder when 29 is divided by u(l).
14
Let d = 19 + -13. Let s(g) be the first derivative of g**3/3 - 5*g**2/2 - 4*g - 5. What is the remainder when 2 is divided by s(d)?
0
Let l(i) = 2*i**3 - 7*i**2 - 3*i + 9. Calculate the remainder when l(5) is divided by 18.
15
Suppose 0 = -13*k + 8*k + 285. What is the remainder when k is divided by 15?
12
Let u be -1 + -1 + 1/(-1). Let h(d) = d**2 - 13*d + 6. Let j be h(13). Let m = u + j. Calculate the remainder when 8 is divided by m.
2
Let q(d) = -d**3 + 5*d**2 - 2*d + 5. Suppose 0 = -o + 3 + 1. Calculate the remainder when 24 is divided by q(o).
11
Let j(m) = 9*m**3 - 7*m**2 + 2*m - 23. Let f(g) = 4*g**3 - 3*g**2 + g - 11. Let p(y) = -7*f(y) + 3*j(y). Calculate the remainder when p(0) is divided by 6.
2
Let v = -25 + 32. Calculate the remainder when 11 is divided by v.
4
Let i = -3 + 4. What is the remainder when (i - (0 - 0))*42 is divided by (-2)/((-24)/(-27)*(-12)/80)?
12
Let j = -1 - -5. Suppose j*k - u = 4*u + 29, 3*u + 12 = -3*k. Calculate the remainder when 1 is divided by k.
0
Suppose 32 = 3*c - c. Let i = 0 + c. What is the remainder when 46 is divided by i?
14
Let g(y) = -11*y**3 + y + 1. Let i(x) = x**2 + 6*x + 3. What is the remainder when i(-9) is divided by g(-1)?
8
Suppose 5*o = 5 + 60. Suppose -g + 4*k - 18 = 0, -16 = -3*g - 2*k - 0*k. Suppose -g*w + 8 = -3*x + 1, -w + x = -5. What is the remainder when o is divided by w?
5
What is the remainder when 28 is divided by 336/36 - (-2)/3?
8
Suppose -5*f + 4 = -f. Let p(y) = -1 - y**3 - f - 6*y + 2*y**2 - 7*y**2 - 4. What is the remainder when 3 is divided by p(-4)?
1
Suppose -6*q + q - x = -16, -4*x = -4. Suppose -v - n = -q*n - 13, -5*v = -5*n - 50. Calculate the remainder when 19 is divided by v.
5
Let c(p) = -7*p - 11. Calculate the remainder when c(-16) is divided by 51.
50
Let d = 0 + -7. Let i = -1 - d. Calculate the remainder when ((-4)/(-6))/(i/198) is divided by 12.
10
Let t be 7/((-21)/(-18)) + 1. What is the remainder when 28 is divided by 2/t - 103/(-7)?
13
What is the remainder when 183 is divided by (2250/81 - 4/(-18)) + 3?
28
Suppose -8*p = -15*p + 84. What is the remainder when 39 is divided by p?
3
Suppose -7*v = -4*v - a - 77, 5*a - 57 = -2*v. Calculate the remainder when 103 is divided by v.
25
What is the remainder when 79 is divided by 4 + (40 - (1 + 3))?
39
Let i = 2 + 4. What is the remainder when 29 is divided by i?
5
Let z(x) = x**3 - 6*x**2 + 8*x. Let q be z(7). What is the remainder when 8/6*q/2 is divided by 18?
16
Let p = -2 - -3. Suppose 3*z - 7*z + 4 = 0. Calculate the remainder when p is divided by z.
0
Let f = 7 + 6. What is the remainder when 25 is divided by f?
12
Suppose -271 = 4*r - 967. Calculate the remainder when r is divided by 35.
34
Suppose -4*u - 50 = -5*f + 20, 0 = 2*f - u - 31. Calculate the remainder when 51 is divided by f.
15
Suppose 4*h + 42 = -3*c, -c = 2*c - 6. Suppose 0 = -l + 5*z + 16, 161 - 52 = 5*l + 4*z. Calculate the remainder when l is divided by (h/1)/(-3) + 2.
3
Suppose 0 + 1 = -j + 3*x, -3*j + 45 = 3*x. Suppose 4*u = -4*z + 72, 4 = -3*z - 2. Calculate the remainder when u is divided by j.
9
Let h(c) = 5*c - 1. Let v be h(-12). Let j = -36 - v. Calculate the remainder when j is divided by 13.
12
Suppose 0*x = 3*x. Suppose -3*i - 5 = 2*r, 4*r + 5*i + 3 + 6 = x. What is the remainder when 11 is divided by r/5 + 93/15?
5
Let f = 20 - 13. Calculate the remainder when f is divided by 2.
1
Let f(h) be the first derivative of -7*h - 5*h**2 + 1 + 3*h - 5*h. Calculate the remainder when f(-7) is divided by 21.
19
Let l = -8 - -14. Let h(j) = -4*j**3 + 0 + 0*j**3 - l*j**2 + 3*j**2 + 2. What is the remainder when h(-2) is divided by 12?
10
Suppose -2*g + 3*h = -29, 0 = -6*g + 5*g + 3*h + 19. Let s(x) = -2*x - 5. Let m be s(-4). What is the remainder when 4 - m - (0 - 28) is divided by g?
9
Let g be -2 + 0 - (-16)/(-2). Let z be g/(3/(6/(-4))). Suppose 4*j - 63 - z = 0. Calculate the remainder when j is divided by 5.
2
Let u be (1 - (-3)/(-3))/(-2). Let h(d) = d + 10. Calculate the remainder when 29 is divided by h(u).
9
Let i(k) = 4*k**3 - 3*k**2 - k + 2. Let z be i(-2). Let s = 98 + z. What is the remainder when s is divided by 20?
18
Let c = 64 - 39. Calculate the remainder when 72 is divided by c.
22
Let c be (-83 + 1 + 3)*1. Let l = -39 - c. What is the remainder when l is divided by 21?
19
Let u(o) = -51*o**2 + o + 1. Let g be u(-1). Let i = -4 - g. Calculate the remainder when i is divided by 8.
7
Suppose -25 = -5*p + 35. Calculate the remainder when 354/(-4)*4/(-6) is divided by p.
11
Suppose -q 